 3*r, 170*t - 166*t = -r + 192387. What is the ten thousands digit of t?
4
Let q = -9422 + 12818. What is the hundreds digit of q?
3
Let h be 0 + -1 + (-7 - -537) - -1. Let p = h - 317. What is the tens digit of p?
1
Let a(l) = -50*l + 32. Let t(p) = -99*p + 63. Let v(u) = -7*a(u) + 4*t(u). What is the hundreds digit of v(-8)?
3
Suppose 0 = 2*u - 618 + 226. Suppose 3*m = u + 380. Let q = m + -132. What is the units digit of q?
0
Let a = 33 - 434. What is the tens digit of (-3 - (a - 4)) + 4?
0
Let k be 1 + -111 - (5 + -4 + -5). Let x = 160 + k. What is the tens digit of x?
5
Let s = -679 + 350. Let x = s + 1339. What is the thousands digit of x?
1
Let f be ((-18)/4)/((-6)/(-540)). Let y = f + 725. Let o = y - 209. What is the hundreds digit of o?
1
Let w(n) = 119*n**2 + 330*n + 3423. What is the thousands digit of w(-10)?
2
Let g be 27/(-18)*(-3 + 1). Suppose 3*a - 982 = -2*m + 88, 0 = g*m + a - 1612. What is the units digit of m?
8
Suppose 3*j = 3*p - 0*j - 3048, -3*p = 2*j - 3058. What is the tens digit of p?
1
Let q(w) = -209*w**2 - 7*w + 21. Let c be q(3). Let g = -1303 - c. What is the hundreds digit of g?
5
Let o = -49125 - -93916. What is the hundreds digit of o?
7
Suppose 5*x + 5413 = 40533. What is the thousands digit of x?
7
Let o be -7*((-160)/(-28))/(-8). Suppose -1450 = -b + 4*z - 384, 0 = -o*z + 15. What is the tens digit of b?
7
Let g be 0/7*-1 - -515. Suppose -u = -5*h - 550, 0 = u + 2*h - 0*h - g. What is the units digit of u?
5
Suppose 14*a = 20*a. Suppose 35*b - 36*b + 222 = a. What is the tens digit of b?
2
Let y(v) = -2*v**3 - 2*v**2 - 2*v - 9. Let k(z) = -z**2 + 12*z - 24. Suppose -12 = 4*l, -9*b = -4*b + 5*l - 35. Let i be k(b). What is the tens digit of y(i)?
9
Suppose 0 = 11*q - 236 - 248. Suppose -24*x = -q*x + 4400. What is the hundreds digit of x?
2
Let y = -23695 - -41392. What is the thousands digit of y?
7
Let o(q) = 2*q**2 + 8*q - 30. Let f be o(5). Let p be (f/8)/(-3)*-2. Suppose d = p + 33. What is the units digit of d?
8
Let o be (-2 - 0) + 2 + 4 + -5. What is the hundreds digit of (-221)/o*(-18 + 22)?
8
Suppose 9*u - 5*c + 50 = 4*u, 0 = -2*u + c - 17. Let x(h) = -3*h - 21. Let s be x(u). What is the units digit of (-99 - (-3 + s))/(-1)?
6
Let y = -3725 - -6251. Suppose -y - 1590 = -4*j. What is the tens digit of j?
2
Suppose t - 203 = 2*p - 937, 3*p = 3*t + 1107. Suppose -p = 2*r - 7*r. Let q = r + 25. What is the units digit of q?
8
Suppose 5*d + 4*x + 917 = -0*d, -2*d - x = 368. Let g = d + 310. What is the tens digit of g?
2
Let i be 5*((-28)/(-20))/1. Let l = 13 - i. Suppose -49 = -o - 2*m + l, -2*m - 125 = -3*o. What is the tens digit of o?
4
Let c = -255 + 258. Suppose -4*k - 6*b + c*b + 861 = 0, 5*b = k - 198. What is the units digit of k?
3
Let c(n) = 19*n**2 - 5*n - 6. Let z be c(-1). Suppose 19*q = z*q + 4, -5*q + 1410 = 5*g. What is the tens digit of g?
7
Suppose 2*m + 3*q + q + 6 = 0, 0 = q. Let i(x) = x**3 - 7*x**2 - 2. Let s be i(7). What is the units digit of m - s - -144 - 3?
0
Let b be (-17)/68 - (-2 + (-113)/4). Suppose -7021 = 13*a - b*a. What is the units digit of a?
3
Let h(j) = 45*j**2 + 84*j + 21. What is the tens digit of h(-11)?
4
Let z = 17305 + -11205. What is the tens digit of z?
0
Let f(z) = 4*z**3 + 31*z**2 - 58*z - 10. What is the ten thousands digit of f(20)?
4
Suppose u = -4*b - 3*u + 12, -u + 3 = -3*b. Suppose b - 12 = 4*t. What is the tens digit of ((-4)/t)/((-4)/(-66))?
2
Suppose 0 = -11*x + 5*x + 126. Suppose x*m - 9932 = 9367. What is the hundreds digit of m?
9
What is the ten thousands digit of 98/392*(-2 + -2)*(-1 - 34041)?
3
Let r be 6/8 + (-6)/(-24). Let p = r + 35. Let m = 33 + p. What is the tens digit of m?
6
What is the hundreds digit of ((-2439)/6)/(2/(-20)) + -432 + 429?
0
Let u be (-1 - -5)/8*6. Suppose 4*w - o = -201, 46 = -u*w + 4*o - 108. Let q = 134 - w. What is the units digit of q?
4
Let d be -3*1*32/(-48). Let t be (d - 5)/(8/(-24)). Suppose -300 = t*c - 14*c. What is the units digit of c?
0
Let h = 6730 + -618. What is the units digit of h?
2
What is the units digit of (-6)/90 + 0 + (-2319005)/(-75) + 9?
9
Let k(w) = -w**3 - 10*w**2 - 18*w - 16. Let s be k(-8). What is the hundreds digit of (-4850)/(-15) - s - 3/9?
3
Let a(i) = 8*i**3 + 31*i**2 + 60*i - 1190. What is the tens digit of a(16)?
7
Suppose -3*u = -5*r + 32, 0 = -2*r - 5*u - 4 - 8. Suppose r*t - 108 + 303 = g, 399 = 2*g + t. What is the tens digit of g?
9
Let s(v) = -1082*v + 617. What is the tens digit of s(-4)?
4
Suppose -29175 = -16*n + 70713. What is the hundreds digit of n?
2
Let u(k) = 8*k - 3. Let p be u(3). Suppose v = 2, -2*a - 3*v + p = 3*a. Suppose -5*w + 208 = 2*q, -2*w - a*q + 39 = -w. What is the units digit of w?
2
Let j = -79950 - -112506. What is the tens digit of j?
5
Let p be (-7)/((-14)/(-4)) + 18/3. Suppose 3*q + 23 = 2*k, 3*q = -p*k + 4 - 3. What is the tens digit of ((-58)/k)/(((-5)/2)/5)?
2
Let r(p) = -21*p + 3*p + 7*p + 4*p - p**2 + 21. Let t be r(-9). Suppose t*w + 30 = 225. What is the units digit of w?
5
Let d be (-7256)/(-22) - 22/(-121). Suppose 0 = -19*a + 13*a + d. Suppose 0 = v - a - 60. What is the hundreds digit of v?
1
Let k be 6 + 1 + 168 + (-6)/2. Suppose -x + w + 167 + k = 0, 3*x - 1031 = -4*w. What is the units digit of x?
1
Let q = -277 - -460. Suppose -q = 4*w - 1531. What is the hundreds digit of w?
3
Let m = -300 - -507. Let v = 2320 - 2218. Let n = m - v. What is the tens digit of n?
0
Suppose 8*r + 16668 = 20*r. Let c = -55 + r. What is the units digit of c?
4
Suppose 15*q - 7*q = 16. Let p be ((-21)/(-6))/7 - (-9)/q. Suppose 3*h - p*w = 69, 2*h + 4*w - 9 - 37 = 0. What is the tens digit of h?
2
Let c be 16*(99/(-4) - -6). Let u = c - -318. What is the units digit of u?
8
Let g(m) = 1231*m**2 - 62*m + 2. What is the units digit of g(2)?
2
Suppose 0 = 45*g - 22*g - 16744. What is the tens digit of g?
2
Let f = 3676 + -2588. What is the units digit of f?
8
Let w(n) = n**3 + 7*n**2 + 11. Let r be w(-7). What is the hundreds digit of r/(-33) - 10297/(-21)?
4
Let y(l) = 3*l + 1. Let k(q) = 19*q - 14. Let c(d) = -k(d) - 6*y(d). What is the tens digit of c(-3)?
1
Let s = 3 - -5. Suppose 3*r + 24 = 3*k, 0*r + k = -r - s. Let g = r - -48. What is the units digit of g?
0
Let p be -63 + 5*(-4)/(-10). Let w = -65 - p. Let i(n) = -27*n - 4. What is the units digit of i(w)?
4
Let q(r) = -3*r**2 + 363*r + 580. What is the units digit of q(82)?
4
Let i(w) = 2*w**3 + 16*w**2 + 9*w - 6. Let y(s) = -s**2 - 19*s + 12. Let a be y(-17). Suppose a = -5*c + 11. What is the tens digit of i(c)?
2
Suppose 20*x = 22*x - 8908. What is the hundreds digit of x?
4
Let r(f) = 466*f**2 - 4*f + 22. What is the thousands digit of r(-2)?
1
Let n(h) = 94*h**3 + 117*h**2 + 5*h - 3. What is the units digit of n(6)?
3
Suppose -3*c + 0*c = -5*y + 25, -5*c + 20 = 4*y. Suppose 7*h - 3487 + 470 = c. What is the hundreds digit of h?
4
Suppose -3*i = -3*l + 2766, 5*i - 96 + 4682 = -l. What is the tens digit of (i/(-8))/((-28)/(-112))?
5
What is the units digit of (-12)/20 + 442512/70?
1
Suppose 11*q + 15*q = -18*q + 290048. What is the thousands digit of q?
6
Let m(j) = 1576*j**3 - 2*j**2 + 9*j - 8. What is the tens digit of m(1)?
7
Suppose -37*h = -39*h + 2294. What is the tens digit of h?
4
Let a(d) = -17*d - 18. Let k(m) = 5*m**3 - 4*m**2 + 2*m + 1. Let w be k(-1). What is the units digit of a(w)?
2
Let b be 0 + 1 + (-6 + 9 - -5). Let u be 2472/b + 2/(-3). Suppose 6*q - u = 644. What is the tens digit of q?
5
Suppose 0 = -144*j + 135*j + 44667. What is the units digit of j?
3
Suppose 27 = -5*r + 77. Let p(k) = -110*k**2 + 4 + k**3 + r + 89*k**2. What is the units digit of p(21)?
4
Suppose 7*f - 303 = -37. Let k = f + 241. Suppose -6*l = -3*l - k. What is the tens digit of l?
9
Suppose 0 = -2*n + 3*b - 157, 5*b - 105 - 280 = 5*n. Let o = 306 + n. What is the hundreds digit of o?
2
Let z = -526 - -560. Suppose -z*v = -45*v + 198. What is the tens digit of v?
1
Suppose -4*o = -3*f - 215 - 165, -f - o = 122. Suppose -5*t = 463 - 1433. Let p = t + f. What is the tens digit of p?
7
Suppose 0 = 13*n + 107 + 504. Let p = n - -242. What is the units digit of p?
5
Let i(j) = 5*j**2 - 68*j + 103. Suppose 0 = -36*b - b + 962. What is the hundreds digit of i(b)?
7
Suppose 2*n - 176 = 4*l, 3*n + 0*